+ 18/4. Suppose -n*v = -3 - 1, -5*v + 62 = c. What is the remainder when c is divided by 20?
17
Suppose 3*v - 4*g = 11 + 5, -3*v + 2*g + 8 = 0. Suppose -5*x + h + 368 = v, 5*x = 2*h + 193 + 173. Calculate the remainder when x is divided by 19.
17
Suppose -4*o - 4*z - 104 = -6*o, z = 0. Let x(y) = 6*y + 252. What is the remainder when o is divided by x(-39)?
16
Let s = -4 - -6. Suppose 16 + 6 = s*d. Suppose -4*f + 69 = 3*u, 0 = -3*u - f + 40 + 20. What is the remainder when u is divided by d?
8
Let d(u) = 3*u**3 - 3*u**2 + 5*u - 4. Calculate the remainder when d(3) is divided by ((-153)/(-9) - 18)*(-34 - 0).
31
Let c = 23 + -28. Let b = 12 + c. What is the remainder when b is divided by 5?
2
Let v = -51 - -56. Suppose 3*s = 3*b + 240, -5*b + 3*b = -v*s + 415. Calculate the remainder when s is divided by 33/(-2)*8/(-6).
19
Let o be (-206)/2 + 2 + -7. Let j = -104 - o. What is the remainder when 11 is divided by j?
3
Let x(q) = q + 8. Suppose 5*c - 5*n = 125, -55 = 3*c - 6*c - n. Let u be (-1)/(1 - 22/c). Calculate the remainder when 52 is divided by x(u).
16
Let s be 2*(27/(-6))/9. Suppose o + 280 = -4*o. What is the remainder when 35 is divided by s/(4/o) + -2?
11
Let c(k) = -k**3 + 3*k**2 + 183*k + 41. Let r(l) = -4*l - 3. Calculate the remainder when r(-6) is divided by c(-12).
1
Let p = 524 - 492. Calculate the remainder when 79 is divided by p.
15
Suppose -25*m + 20*m = 220. Let t be m/(-6)*(-4 + 7). Suppose t = 3*g - 8. Calculate the remainder when 39 is divided by g.
9
Suppose 0*x = 4*v - 4*x, -v = -4*x + 3. Let w = v - -2. Calculate the remainder when w is divided by 0 - 22/11 - (0 + -4).
1
Let s be 16/(-20) + (-2)/10. Let v = 9 - s. Suppose -m = 5*i + v, -m = -3*i + 2*i - 8. Calculate the remainder when 17 is divided by m.
2
Suppose 222 = 239*h - 236*h. Calculate the remainder when h is divided by 13.
9
Let w be (-3 + 24)*(-15)/(-9). Suppose 0 = -4*p + 4*x + 48, 4*x = 3*p - 0*p - w. What is the remainder when (22/(-77))/((-1)/77) - 1 is divided by p?
8
Let k(n) = -n**2 + 14*n - 8. Let m be k(13). Suppose m*y = -y + 396. What is the remainder when y is divided by 17?
15
Suppose 0 = 20*o - 19*o - 64. Calculate the remainder when o is divided by 28.
8
Suppose 2*f + 11 = 19. Suppose 6*c = f*c + o + 293, 442 = 3*c - o. What is the remainder when c is divided by 30?
29
Suppose 206*k - 18 = 200*k. Calculate the remainder when 8 is divided by k.
2
Suppose 3*o - 112 = z, -13 = -5*o + 4*z + 176. What is the remainder when 62 is divided by o?
25
Let l be 63 - (-2 - 0 - 2). Let f = l + -13. What is the remainder when f is divided by 15?
9
Suppose 98 = h + 13. Calculate the remainder when 337 is divided by h.
82
Suppose -k = 3*b - 52, 0 = b + k - 9 - 11. What is the remainder when 3222/42 - 10/(-35) is divided by b?
13
Suppose -x + 35 = 5*l + 4*x, -5*x = -l + 13. Suppose -4*g = -y - 3*y - 20, 0 = g + 3. What is the remainder when (828/y)/9*-2 is divided by l?
7
Let m = -14 + 7. What is the remainder when 32 is divided by m/(2 + (-4 - -1))?
4
Let q = 41 - 13. Let g(z) = z**3 + 12*z**2 + 26*z + 68. What is the remainder when q is divided by g(-10)?
4
Let x(z) = -z**3 + 4*z**2 + 4*z + 7. Let c be x(5). What is the remainder when 13 - (-1 - -5)/c is divided by (-3)/(-4) - 84/(-16)?
5
Suppose 3*x + 2*v - 41 = 0, -5*x + 47 = 4*v - 24. Let u = x - -15. What is the remainder when u is divided by 7?
5
Let a = -92 + 93. Let w = a - -24. What is the remainder when w is divided by 10?
5
Suppose 19*v - 3616 - 716 = 0. Calculate the remainder when v is divided by 95.
38
Let h = -4 - -11. Let n = -12 + 16. Let y = 7 + n. What is the remainder when y is divided by h?
4
Suppose 0 = 4*l - 2*v - 88, 4*l - 6*v - 88 = -v. What is the remainder when l is divided by ((-12)/(-14))/(2/14)?
4
Let n(c) = -c**3 + 8*c**2 - 9*c + 1. Calculate the remainder when 113 is divided by n(6).
18
Let d = 1911 - 1829. What is the remainder when d is divided by 23?
13
Let v = -1568 + 1728. Calculate the remainder when v is divided by 56.
48
What is the remainder when 5 + 2*((-450)/(-12) + -4) is divided by 48?
24
Let p(i) = 16*i**2 + 2*i + 1. Let h(x) = 5*x**2 - 3*x + 3. Suppose -9 = d + 2*d. What is the remainder when h(d) is divided by p(-1)?
12
Let o be -1 - 1/(-4) - 1255/(-20). Let y = o + -49. What is the remainder when y is divided by 7?
6
Let a(t) be the third derivative of t**5/2 - 5*t**4/24 - 2*t**3/3 - 42*t**2. Calculate the remainder when 91 is divided by a(-1).
29
Let d = -2743 - -3064. What is the remainder when d is divided by 12?
9
Let k(i) = -59*i**3 + i**2 + i + 1. Let v be k(-1). Suppose 20 = -0*b - 5*b, 4*f - 5*b = v. What is the remainder when 16 is divided by f?
6
Suppose 4*n = 2*l - 18, -5*n - 17 + 2 = -5*l. Let a = 5 - n. Calculate the remainder when a is divided by 3.
2
Let y be (-9)/(-21) - 1/((-7)/(-59)). Let m = y - -30. Calculate the remainder when 63 is divided by m.
19
Suppose -3*p = 2*n - 137, -5*n + 184 = 2*p - 131. Calculate the remainder when 176 is divided by n.
54
Let r(v) = 6*v - 211. Calculate the remainder when 181 is divided by r(39).
20
What is the remainder when 457/2 + 21/(-14) is divided by 46?
43
Suppose -4580 = -22*o - 92. Calculate the remainder when o is divided by 44.
28
Suppose -2*l - 2*q = 6, 2*q + 3 = 5*l + 18. Calculate the remainder when 1*(58/l)/(18/(-27)) is divided by 10.
9
Let z be 6 - (-1 + 12/3)*1. What is the remainder when z/(-2)*4/3*-17 is divided by (-10)/1*(-12)/10?
10
Let n(p) = p**2 + 21*p - 9. Let s be n(-15). Let v = -65 - s. What is the remainder when v is divided by 9?
7
Suppose 55 = c + 4*c. What is the remainder when (-2)/(-9) + (-367)/(-9) is divided by c?
8
Let p = 1214 - 1152. Calculate the remainder when 1424 is divided by p.
60
Let v = 85 + -50. What is the remainder when v is divided by (45/5 - 1 - (-5 - 8)) + -1?
15
Suppose 0 = -k - 2*s - 4, 4*k + s = -2*s - 36. Let d = 11 + k. Calculate the remainder when 7 is divided by 4 + d + 8/4.
2
Calculate the remainder when (9 - 2 - 3)*(31 - 4) is divided by 19.
13
Let s(v) be the third derivative of 0*v + 0 - 5*v**2 + 1/24*v**4 + 0*v**3. Calculate the remainder when s(7) is divided by 3.
1
Suppose -3*k = 2*k - 155. What is the remainder when (204 + -1)*(-14)/(-49) is divided by k?
27
Let p = 8 - -43. Suppose -4*q = -18*q + 182. Calculate the remainder when p is divided by q.
12
Let g be 3/(-6) + 705/10. Let q be (2 - 8/6)*3. Suppose 2*v + q*i - g = -2*i, 5*v = -i + 166. What is the remainder when v is divided by 9?
6
Suppose -5*i = -n + 89, 0 = -4*n - 4*i - 142 + 402. What is the remainder when 217 is divided by n?
10
Let b(t) = -21*t + 190. Calculate the remainder when 43 is divided by b(8).
21
Calculate the remainder when ((-1431)/(-81))/((-1)/(-9)*3) is divided by 43.
10
Let w = 551 + -428. What is the remainder when w is divided by 21?
18
Let y = -98 + 68. Let u(j) = -j**3 - 7*j**2 - 2*j - 7. Calculate the remainder when 14/(-105) - 604/y is divided by u(-7).
6
Let t(j) = -j**3 - 57*j**2 + 56*j - 92. Calculate the remainder when 98 is divided by t(-58).
2
Let q(h) = -4 - 165*h**3 + 3 + 2*h + 171*h**3. Let c(v) = v**2 + 5*v + 3. What is the remainder when q(1) is divided by c(-5)?
1
Suppose -24 = 4*y - 6*y. Let v = 758 + -712. What is the remainder when v is divided by y?
10
Let u be ((-2)/3)/(10/45). Let k = u - -27. What is the remainder when 93 is divided by k?
21
Suppose 11*c - 7*c - 226 = -2*w, 2*c + 4*w = 122. What is the remainder when c is divided by 19?
17
Let p(s) = s**3 - 15*s**2 + 17*s + 6. Let u be p(14). Suppose 4*j - 255 = -7. What is the remainder when j is divided by (16/u)/((-2)/(-96))?
14
Let m = -45 + 48. Let r(f) = 2*f**3 - f**2 + 2*f - 6. Calculate the remainder when r(m) is divided by 16.
13
Suppose -1519 = -38*h + 4181. What is the remainder when 438 is divided by h?
138
Let j be (-4)/3 + (-76)/(-12). Suppose -k = -2*f + 14, -4 = j*f - 3*f. What is the remainder when (-7 + 8)/((-2)/k) is divided by 5?
4
Let f(g) = g**2 - g + 1. Let h be 1*12/(-8)*4. Calculate the remainder when f(h) is divided by 11.
10
Let o = 19 + -7. Suppose -4*x - a = -2*a - 25, 2*x = -5*a + 29. Calculate the remainder when (22/4)/(x/42) is divided by o.
9
Let v be (-4 + 2)*(-1)/2. Suppose -v = -0*d + 3*d + k, k - 15 = 5*d. What is the remainder when (5 + -2)*(-2)/d 